te the remainder when 2589 is divided by 24.
21
What is the remainder when 98 is divided by 38?
22
What is the remainder when 657 is divided by 168?
153
What is the remainder when 9664 is divided by 54?
52
What is the remainder when 17468 is divided by 84?
80
What is the remainder when 77 is divided by 22?
11
What is the remainder when 56 is divided by 47?
9
What is the remainder when 3210 is divided by 44?
42
What is the remainder when 4391 is divided by 338?
335
Calculate the remainder when 7797 is divided by 14.
13
Calculate the remainder when 1840 is divided by 33.
25
Calculate the remainder when 5 is divided by 1.
0
What is the remainder when 135 is divided by 133?
2
What is the remainder when 1044 is divided by 15?
9
Calculate the remainder when 603 is divided by 286.
31
Calculate the remainder when 3928 is divided by 1306.
10
Calculate the remainder when 493 is divided by 38.
37
What is the remainder when 2164 is divided by 294?
106
What is the remainder when 140 is divided by 47?
46
What is the remainder when 1006 is divided by 147?
124
What is the remainder when 19 is divided by 5?
4
Calculate the remainder when 140 is divided by 42.
14
What is the remainder when 3074 is divided by 191?
18
Calculate the remainder when 52 is divided by 8.
4
Calculate the remainder when 73 is divided by 8.
1
Calculate the remainder when 932 is divided by 23.
12
Calculate the remainder when 77 is divided by 39.
38
Calculate the remainder when 2417 is divided by 202.
195
Calculate the remainder when 2613 is divided by 12.
9
Calculate the remainder when 458 is divided by 71.
32
What is the remainder when 336 is divided by 114?
108
What is the remainder when 338 is divided by 31?
28
What is the remainder when 54 is divided by 15?
9
Calculate the remainder when 186 is divided by 65.
56
What is the remainder when 236 is divided by 6?
2
Calculate the remainder when 287 is divided by 140.
7
What is the remainder when 710 is divided by 12?
2
Calculate the remainder when 212 is divided by 17.
8
What is the remainder when 8097 is divided by 108?
105
Calculate the remainder when 1459 is divided by 23.
10
Calculate the remainder when 101 is divided by 13.
10
What is the remainder when 250 is divided by 67?
49
What is the remainder when 655 is divided by 111?
100
Calculate the remainder when 250 is divided by 23.
20
Calculate the remainder when 530 is divided by 7.
5
What is the remainder when 182 is divided by 69?
44
Calculate the remainder when 88 is divided by 16.
8
What is the remainder when 1842 is divided by 58?
44
Calculate the remainder when 837 is divided by 6.
3
What is the remainder when 917 is divided by 20?
17
Calculate the remainder when 71 is divided by 39.
32
Calculate the remainder when 1205 is divided by 110.
105
Calculate the remainder when 211 is divided by 27.
22
Calculate the remainder when 174 is divided by 44.
42
What is the remainder when 33 is divided by 17?
16
What is the remainder when 254 is divided by 56?
30
Calculate the remainder when 1560 is divided by 32.
24
Calculate the remainder when 442 is divided by 434.
8
Calculate the remainder when 468 is divided by 396.
72
What is the remainder when 1238 is divided by 137?
5
What is the remainder when 4450 is divided by 12?
10
Calculate the remainder when 106 is divided by 10.
6
Calculate the remainder when 70 is divided by 6.
4
What is the remainder when 402 is divided by 131?
9
Calculate the remainder when 619 is divided by 48.
43
What is the remainder when 213 is divided by 115?
98
Calculate the remainder when 1324 is divided by 173.
113
Calculate the remainder when 394 is divided by 21.
16
Calculate the remainder when 651 is divided by 76.
43
What is the remainder when 527 is divided by 23?
21
What is the remainder when 5689 is divided by 41?
31
Calculate the remainder when 2804 is divided by 1389.
26
Calculate the remainder when 2106 is divided by 31.
29
What is the remainder when 1038 is divided by 26?
24
What is the remainder when 7199 is divided by 45?
44
What is the remainder when 82 is divided by 9?
1
Calculate the remainder when 367 is divided by 15.
7
Calculate the remainder when 123 is divided by 40.
3
Calculate the remainder when 369 is divided by 10.
9
Calculate the remainder when 7891 is divided by 29.
3
What is the remainder when 527 is divided by 126?
23
Calculate the remainder when 24 is divided by 8.
0
What is the remainder when 2996 is divided by 251?
235
Calculate the remainder when 3691 is divided by 48.
43
What is the remainder when 1509 is divided by 259?
214
Calculate the remainder when 52 is divided by 20.
12
Calculate the remainder when 150 is divided by 76.
74
Calculate the remainder when 1428 is divided by 55.
53
What is the remainder when 508 is divided by 215?
78
What is the remainder when 68 is divided by 20?
8
What is the remainder when 1028 is divided by 129?
125
What is the remainder when 227 is divided by 60?
47
Calculate the remainder when 7 is divided by 3.
1
What is the remainder when 277 is divided by 30?
7
Calculate the remainder when 1265 is divided by 51.
41
What is the remainder when 179 is divided by 173?
6
What is the remainder when 134 is divided by 28?
22
What is the remainder when 1511 is divided by 24?
23
Calculate the remainder when 501 is divided by 84.
81
Calculate the remainder when 236 is divided by 30.
26
Calculate the remainder when 536 is divided by 77.
74
What is the remainder when 472 is divided by 14?
10
What is the remainder when 781 is divided by 34?
33
Calculate the remainder when 283 is divided by 24.
19
What is the remainder when 71 is divided by 38?
33
Calculate the remainder when 5197 is divided by 16.
13
Calculate the remainder when 318 is divided by 212.
106
What is the remainder when 1022 is divided by 121?
54
Calculate the remainder when 78 is divided by 30.
18
What is the remainder when 262 is divided by 133?
129
What is the remainder when 34 is divided by 22?
12
Calculate the remainder when 328 is divided by 66.
64
Calculate the remainder when 244 is divided by 116.
12
What is the remainder when 187 is divided by 94?
93
Calculate the remainder when 505 is divided by 11.
10
Calculate the remainder when 81 is divided by 10.
1
What is the remainder when 116 is divided by 105?
11
Calculate the remainder when 911 is divided by 16.
15
What is the remainder when 1452 is divided by 182?
178
What is the remainder when 141 is divided by 3?
0
Calculate the remainder when 92 is divided by 19.
16
Calculate the remainder when 1485 is divided by 7.
1
Calculate the remainder when 1396 is divided by 12.
4
What is the remainder when 353 is divided by 18?
11
What is the remainder when 228 is divided by 23?
21
Calculate the remainder when 1402 is divided by 108.
106
What is the remainder when 402 is divided by 11?
6
Calculate the remainder when 343 is divided by 332.
11
Calculate the remainder when 369 is divided by 32.
17
Calculate the remainder when 12922 is divided by 31.
26
What is the remainder when 1647 is divided by 127?
123
Calculate the remainder when 186 is divided by 49.
39
What is the remainder when 911 is divided by 48?
47
What is the remainder when 1507 is divided by 56?
51
What is the remainder when 39 is divided by 26?
13
What is the remainder when 346 is divided by 113?
7
Calculate the remainder when 40620 is divided by 19.
17
Calculate the remainder when 664 is divided by 107.
22
Calculate the remainder when 108 is divided by 43.
22
What is the remainder when 4925 is divided by 10?
5
What is the remainder when 546 is divided by 246?
54
What is the remainder when 935 is divided by 36?
35
Calculate the remainder when 2006 is divided by 668.
2
Calculate the remainder when 149 is divided by 35.
9
What is the remainder when 161 is divided by 44?
29
Calculate the remainder when 543 is divided by 78.
75
What is the remainder when 403 is divided by 99?
7
What is the remainder when 249 is divided by 58?
17
What is the remainder when 2910 is divided by 970?
0
Calculate the remainder when 1670 is divided by 19.
17
What is the remainder when 624 is divided by 57?
54
Calculate the remainder when 220 is divided by 19.
11
What is the remainder when 387 is divided by 25?
12
Calculate the remainder when 256 is divided by 37.
34
Wha